1221 + 233?
-203200433
In base 16, what is -16c9 - 1fbf0?
-212b9
In base 3, what is -110201020102 + -10012?
-110201100121
In base 13, what is 7 + -1a08b34?
-1a08b2a
In base 4, what is 1203313303212 - -3?
1203313303221
In base 8, what is -16 + 114135360?
114135342
In base 11, what is 1a7 + 112052?
112249
In base 10, what is -1968406 + 2?
-1968404
In base 15, what is 224 + 29a4e?
29c73
In base 7, what is 53 + -3000013?
-2666630
In base 8, what is -21 - 13000124?
-13000145
In base 3, what is 212001201212 + -1112?
212001200100
In base 8, what is 1623673 + 105?
1624000
In base 8, what is 12 - -3055713?
3055725
In base 16, what is 31aa5 - -11a3?
32c48
In base 6, what is 131530 - 14351?
113135
In base 8, what is 1202 + -53213?
-52011
In base 10, what is -27800429 - 5?
-27800434
In base 9, what is -4 + 530464341?
530464336
In base 9, what is -140 - -62112?
61862
In base 12, what is 28758 + 15040?
41798
In base 9, what is 128821 - 18?
128802
In base 6, what is 41 + 2532300042?
2532300123
In base 5, what is 223004010142 + -4?
223004010133
In base 4, what is -2200220132 + 10330?
-2200203202
In base 6, what is -232 + 44453440?
44453204
In base 15, what is 3 + 283617d?
2836181
In base 2, what is -101 + -11001110001100101110001?
-11001110001100101110110
In base 3, what is -202011 + 22110101020?
22102122002
In base 4, what is 110 + 331131000?
331131110
In base 14, what is 654 - -24d32?
25586
In base 8, what is 20 - 202567?
-202547
In base 15, what is -1b20 + 825?
-12ea
In base 11, what is -318 + -35828?
-36045
In base 2, what is 11110110110001 - -1001111111?
100000000110000
In base 2, what is -110 + 100001101100001101011?
100001101100001100101
In base 9, what is 3 - 74330781?
-74330777
In base 2, what is -10000101011001110110 + 1000111?
-10000101011000101111
In base 8, what is -1 + 17166763?
17166762
In base 14, what is 870 - -181b?
228b
In base 8, what is -17707 + 12755?
-4732
In base 7, what is 446026665 + 3?
446030001
In base 15, what is -1b5c7 + 106?
-1b4c1
In base 13, what is -37655 - -5?
-37650
In base 3, what is 10 + -10110220100221210?
-10110220100221200
In base 15, what is 1d6a0 + ae?
1d75e
In base 8, what is 351617 - 274?
351323
In base 9, what is -1366006 + -371?
-1366377
In base 14, what is -3 - -275084?
275081
In base 3, what is -122212121 + 1110002?
-121102112
In base 6, what is -4052314 - 344?
-4053102
In base 11, what is -3 + 253113?
253110
In base 8, what is 471264216 + -1?
471264215
In base 13, what is -917879 - 2?
-91787b
In base 8, what is -10056 + 67361?
57303
In base 16, what is -5 + -26e021a?
-26e021f
In base 2, what is -101 + -111111110101010000000110?
-111111110101010000001011
In base 13, what is 56b0079 + -4?
56b0075
In base 10, what is -4 - -55500927?
55500923
In base 9, what is 566 + 147060?
147636
In base 9, what is -7723073 - 8?
-7723082
In base 8, what is -406325207 + 5?
-406325202
In base 11, what is 29 + 53433?
53461
In base 4, what is 10 + 3323231210321?
3323231210331
In base 7, what is -6145041 - -12?
-6145026
In base 2, what is -10101000 - 1011011110110101?
-1011100001011101
In base 14, what is 48 + -5948b?
-59443
In base 9, what is 805 + -330424?
-328518
In base 10, what is -12905 + -1022?
-13927
In base 15, what is -432 + 1ce?
-253
In base 12, what is 5 + aa2b2503?
aa2b2508
In base 5, what is 43414 - -4033424?
4132343
In base 11, what is -5 - 15a6454?
-15a6459
In base 4, what is -1113 - -1021001013?
1020333300
In base 6, what is 12 - -100043303?
100043315
In base 8, what is 73031041 - 3?
73031036
In base 4, what is 212132011 + 101?
212132112
In base 6, what is 452 - 23423133?
-23422241
In base 11, what is 412876 - 64?
412812
In base 11, what is 3 + -3247a906?
-3247a903
In base 6, what is 1 - 1033535232?
-1033535231
In base 15, what is c - -52b1b06?
52b1b13
In base 6, what is -5525524 + 140?
-5525344
In base 13, what is -24132 - 2074?
-261a6
In base 16, what is 5 - 22d8754?
-22d874f
In base 15, what is -150 + 6013?
5db3
In base 4, what is 12331303030 - -20?
12331303110
In base 6, what is 1151254 - 10?
1151244
In base 7, what is 62563 - -5461?
101354
In base 11, what is -5 - 37914084?
-37914089
In base 13, what is -2c1b44 + -2c?
-2c1b73
In base 7, what is -430152512 - -4?
-430152505
In base 14, what is -3 + -3081ac?
-3081b1
In base 9, what is 10 - -2175644?
2175654
In base 12, what is 37 - ab1509?
-ab1492
In base 3, what is -12 + -100020020110?
-100020020122
In base 12, what is 841bb4b4 - -1?
841bb4b5
In base 5, what is -201123222 + 20?
-201123202
In base 3, what is -12012210 - 2210012?
-21222222
In base 5, what is 333134 + -1312231?
-424042
In base 4, what is 22121 + -11233201212?
-11233113031
In base 3, what is 102222011101 - -201210?
102222220011
In base 14, what is 602 - 22371?
-21b6d
In base 6, what is 1351 + 1322240?
1324031
In base 15, what is -165 - -69b9?
6854
In base 16, what is -e7e0e - -2?
-e7e0c
In base 4, what is -131033303103330 + -2?
-131033303103332
In base 16, what is 83 - d6dfc?
-d6d79
In base 7, what is -23 - -255020?
254664
In base 14, what is -210 - -384c1?
382b1
In base 7, what is -422234 + 1005?
-421226
In base 6, what is 2001204351 - 5?
2001204342
In base 15, what is 9 - -1a4923?
1a492c
In base 14, what is 1730 - -1153?
2883
In base 3, what is 102222 + -102202222220?
-102202112221
In base 14, what is -1d2 - 478c?
-4980
In base 14, what is -663 - 2149?
-27ac
In base 10, what is -625475 + -4?
-625479
In base 4, what is -12032 + 101033313?
101021221
In base 4, what is 112232021032301 + -10?
112232021032231
In base 3, what is 2201 - 1112201122222?
-1112201120021
In base 3, what is 221011110 - -112102?
221200212
In base 7, what is 301201403 - 1?
301201402
In base 10, what is -54485 + 140?
-54345
In base 15, what is -56 - 27c2c?
-27c83
In base 13, what is 163a0 + -44a?
15c53
In base 14, what is dcb8 - -660?
10538
In base 12, what is -3a305478 + 3?
-3a305475
In base 9, what is -17 + 10314120?
10314102
In base 15, what is 4a2b - -16?
4a42
In base 15, what is 2a6071 - -1d?
2a608e
In base 5, what is -2 - 14324330?
-14324332
In base 4, what is -100212 + -101313020?
-102013232
In base 4, what is -333331020123 + -3?
-333331020132
In base 12, what is -1811 - -7b?
-1752
In base 9, what is 32 + -36766?
-36734
In base 11, what is -10a - 1a8a81?
-1a9090
In base 13, what is 2354a + 2945?
26192
In base 2, what is 101 - -10111011001001000001?
10111011001001000110
In base 12, what is 13479231b - -5?
134792324
In base 2, what is -101 - 1100100011101110011010?
-1100100011101110011111
In base 4, what is -2133330200332 - 22?
-2133330201020
In base 4, what is -13 - 113330323?
-113331002
In base 10, what is -2241 - 119443?
-121684
In base 7, what is -33223356 + 62?
-33223264
In base 13, what is -2690 + b1?
-25ac
In base 4, what is -211 - 10220303221?
-10220310032
In base 16, what is 167 - -22bd5?
22d3c
In base 2, what is -1001 - -100110001010011001000001?
100110001010011000111000
In base 10, what is -54 + 525?
471
In base 13, what is -5 + 5a0c95?
5a0c90
In base 9, what is -1112756 + 20?
-1112736
In base 3, what is -12211 - -11022002022?
11021212111
In base 5, what is -31420013433 + -1?
-31420013434
In base 4, what is -1130 + 30321321201?
30321320011
In base 12, what is -24b52 - 10b?
-25061
In base 2, what is -1111 - -111100001011000?
111100001001001
In base 8, what is 33046 + 152?
33220
In base 2, what is 1011111110100011 - -1101111100?
1100001100011111
In base 10, what is 7395853 - 0?
7395853
In base 15, what is 4 + -c0a2e1?
-c0a2dc
In base 16, what is -2cc - -351b2?
34ee6
In base 7, what is -65402 + -455145?
-553550
In base 6, what is 1124401 + -15425?
1104532
In base 2, what is -100 - -11000110000111101111?
11000110000111101011
In base 11, what is 1 - -3054257?
3054258
In base 4, what is 2 - 1003312112002?
-1003312112000
In base 9, what is -112 + -4504404?
-4504516
In base 11, what is -2740 - -22aa5?
20365
In base 6, what is -5 + 1325320245?
1325320240
In base 10, what is 278797 - -34?
278831
In base 2, what is 110000000110000011010 + -111?
110000000110000010011
In base 8, what is -124 - 3315?
-3441
In base 5, what is 3313 - -1304042?
1312410
In base 11, what is -105101 + -22?
-105123
In base 8, what is -107424 - 10367?
-120013
In base 11, what is -2 - -5091694?
5091692
In base 10, what is -9582 - 92?
-9674
In base 7,